ided by r?
14
Let c be (-4 + 1)*22*1. Let k(r) = 13*r - 12. Let y be k(8). Let f = c + y. What is the remainder when f is divided by 9?
8
Suppose 3*u + 0*u - 6 = 0. Suppose -o = -4*o + 9. Let i = o - -1. Calculate the remainder when i is divided by u.
0
Suppose 2*s + n - 29 = -2*s, -4*s = -4*n - 4. Let g = 23 - 9. Calculate the remainder when g is divided by s.
2
Suppose 10*a = 8*a - 18. Let r = -8 - a. What is the remainder when 1 is divided by r?
0
Let b = 22 + -11. Suppose -3*y + 2*y = 6. Let r = y + b. What is the remainder when 18 is divided by r?
3
Suppose -27*q - 136 + 514 = 0. Calculate the remainder when 23 is divided by q.
9
Let q(l) = l**3 - 2*l**2 - 2*l - 1. Let s be q(3). Suppose -40 = -s*c - 0*c. Calculate the remainder when 58 is divided by c.
18
Suppose -4*p + 30 = -p. Let n = 73 + -45. What is the remainder when n is divided by p?
8
Let w be (-3)/2*(-16)/3. Suppose w = -3*p + 7*p. Calculate the remainder when p is divided by 2.
0
Let f be (-4)/(-2) - (6 + -4). Let r = 5 + f. Suppose 2*o = 5*o - 42. What is the remainder when o is divided by r?
4
Suppose -w + 6*w + 5*j - 110 = 0, 4*w - 78 = j. What is the remainder when w is divided by ((-342)/4)/(-9) + 3/(-2)?
4
Suppose 2*z = -2*m - 360, -m = z - 2*z - 170. What is the remainder when 17 is divided by z/(-20) + (-2)/(-8)?
8
Let b be 1/1*30/(-5). Calculate the remainder when (225/27)/((-1)/b) is divided by 13.
11
Suppose 11*f - 1 = 329. Calculate the remainder when f is divided by 12.
6
Let a(t) = -t + 5. What is the remainder when 9 is divided by a(0)?
4
Let z be 807/4 - 2/(-8). Let d(r) = -r - 2. Let i be d(-4). Suppose i = -4*c + z. What is the remainder when c is divided by 26?
24
Let w be (0/(-2) - -1)/(-1). Let y(g) = -26*g - 1. Calculate the remainder when y(w) is divided by 9.
7
Suppose -4*u + 2*u = -22. Suppose 4*k + 5*n - 153 = 0, 4*k + n - 97 - 68 = 0. What is the remainder when k is divided by u?
9
Let y = 7 + -5. Let g(p) = p + 2*p**y + p + p + 2. What is the remainder when 20 is divided by g(-3)?
9
Suppose 0 = -2*o - 7 - 23. Let m = o - -44. Let k = 21 - 6. What is the remainder when m is divided by k?
14
Suppose -g + 3*t = 15, -g + 5*t - 25 = -0*t. Suppose 0 = -g*v - v + 42. What is the remainder when (6/9)/(4/v) is divided by 4?
3
Let t = -23 - -27. Calculate the remainder when (2 - -1)/3*7 is divided by t.
3
Suppose p = f - 5*f + 36, p - f - 51 = 0. Suppose 0 = 5*i - 2*i - p. What is the remainder when 30 is divided by i?
14
Let t(y) = -y**2 + 5*y + 13. Calculate the remainder when t(6) is divided by 1.
0
Let n(g) = -g + 3. Let h(x) = -x**3 - 13*x**2 + 15*x + 12. Let w be h(-14). Calculate the remainder when n(w) is divided by 2.
1
Let o = 54 + -42. What is the remainder when o is divided by 3?
0
Let g = 0 + 4. Suppose 3 = -g*a + 23. What is the remainder when 8 is divided by a?
3
Let p(g) = g**2 + 10*g + 13. Let w(h) = h**2 - 5. Let l be w(-5). Let n be (-5 - -6)/((-2)/l). What is the remainder when 38 is divided by p(n)?
12
Let o = -11 - -34. Suppose 2 = 3*r - 16. Calculate the remainder when o is divided by r.
5
Let j(c) = -9*c**2 - c + 1. Let d be j(2). Let s = 72 + d. Let v(r) = 3*r - 3. Calculate the remainder when s is divided by v(5).
11
Suppose 7*b = 3*b + 4. Suppose 5*u + 17 = 2*d, -5*d + 5*u - 11 + 31 = 0. Calculate the remainder when b*(-2 + d)*-10 is divided by 6.
4
Suppose 0 = 3*k - 2*k - 29. Calculate the remainder when 114 is divided by k.
27
Let c = 53 + -36. Calculate the remainder when 41 is divided by c.
7
Let w(f) = f**3 + 21*f**2 + 20*f + 11. Let j(k) = -k + 2. Let o be j(3). What is the remainder when w(-20) is divided by 6*(o + (0 - -2))?
5
Suppose 0 = 4*w - 4 - 20. Let h(t) = -t + 8. Calculate the remainder when h(-7) is divided by w.
3
Suppose 0 = 6*f - 0*f - 174. Calculate the remainder when f is divided by 11.
7
Suppose -l - 6 = -2*h, -l = 2*l - 3*h + 27. Let b = 0 - l. Calculate the remainder when b is divided by 5.
2
Let w = 51 - -2. Let n = -32 + w. Let o = -28 + 39. Calculate the remainder when n is divided by o.
10
Let z be ((-10)/15)/((-2)/6). Let k(v) = 4*v - 2. Calculate the remainder when 16 is divided by k(z).
4
Let x be (-507)/(-12) - (-2)/(-8). Suppose 6*w - 3*w - x = 0. Let d(j) = -j + 16. What is the remainder when w is divided by d(8)?
6
Suppose -5*w + 35 = 2*o, 0*o - 5*w + 45 = 3*o. Calculate the remainder when 39 is divided by o.
9
Let l = 11 + -15. What is the remainder when l/(-12) - 466/(-6) is divided by 27?
24
Suppose -5*k = -4*i - 7*k + 134, -3*k = -15. What is the remainder when i is divided by 3?
1
Let w be 6/(-5)*55/(-22). Suppose 5*d - 70 = 2*q, -w*d + 42 = q + q. What is the remainder when d is divided by 2/(-4)*(3 + -19)?
6
What is the remainder when 173 is divided by (-14)/35 + 97/5 - 3?
13
Suppose 2*j = 5*t + 26, j + 2*t = -j - 2. Let l(s) = -s**3 - 8*s**2 + 9*s + 3. Calculate the remainder when l(-9) is divided by j.
0
Let c(t) = -t**3 - t**2 - 2*t - 3. Calculate the remainder when -14*(2 - 0)/(-2) is divided by c(-2).
4
Suppose 3*m + 284 = 7*m. Calculate the remainder when m is divided by 19.
14
What is the remainder when 63 is divided by (-5)/10*(-49*1 + -1)?
13
Suppose 2 = 2*p - p. Let f(g) = 2*g**2 + 3*g - 3. What is the remainder when (31/2)/(1/2) is divided by f(p)?
9
Calculate the remainder when (3 - (3 + 3)) + 137/1 is divided by 27.
26
Suppose 0 = 82*q - 83*q + 8. Let g be (6*(-2)/(-4))/1. Suppose g*x = 4*x - 22. What is the remainder when x is divided by q?
6
Suppose 33 = 5*b - 72. Let i = b - -2. Calculate the remainder when 43 is divided by i.
20
Let a(v) = v + 13. What is the remainder when 19 is divided by a(-5)?
3
Suppose 0 = -5*c + 3*s + 30 - 6, 5*s - 40 = -5*c. What is the remainder when 64 is divided by c?
4
Let s = -21 - -32. Calculate the remainder when 75 is divided by s.
9
Let t(o) = o + 1. Calculate the remainder when 2 + 4*(-10)/(-4) is divided by t(6).
5
Suppose 0 = 3*v - 2*v - 13. Suppose -414*t + 420*t - 294 = 0. What is the remainder when t is divided by v?
10
Suppose -3*f = 2*i - 17, -2*i + 35 = -f - 2*f. Suppose 5*c = 2 + 23. What is the remainder when i is divided by c?
3
Let l(a) = -a**2 - 4*a - 6. Let w be l(-5). Calculate the remainder when (1/3)/(w/(-33)) is divided by 1.
0
Let y(p) = 9*p + 18. What is the remainder when 125 is divided by y(0)?
17
Let v(r) = 27*r**2 + r. Suppose -3*w - 146 = -11. Calculate the remainder when v(1) is divided by (w/(-3) - -1) + -1.
13
Let y(t) = -3*t + 12. What is the remainder when y(-12) is divided by 26?
22
Let z(i) = 45*i - 1. Calculate the remainder when z(1) is divided by 23.
21
Suppose 0 = 3*x - 57 + 3. Calculate the remainder when 48 is divided by x.
12
Suppose 0 = -5*m + 5*o + 60, m - 12 = -2*o + 3. Calculate the remainder when m is divided by 3.
1
Suppose -228 = 4*j - 780. Calculate the remainder when j is divided by 35.
33
Let z = 221 - 122. Suppose -z = -4*h + h. Calculate the remainder when h is divided by 17.
16
Calculate the remainder when 91 is divided by -2*(-2)/4*31.
29
Let a(j) = -7*j**3 - 4*j**2 - 3*j. Calculate the remainder when a(-2) is divided by 12.
10
Calculate the remainder when (17 - (0 - 1)) + 1 is divided by 16/56 - 47/(-7) - -4.
8
Suppose -3*m = 5*h + 1 - 3, -2*m + 2*h + 12 = 0. Suppose -m*p = p - 115. Suppose 16 = 5*q - 3*q. What is the remainder when p is divided by q?
7
Let r(z) = z**2 - 2*z - 1. Suppose 3 + 17 = -4*i. What is the remainder when r(i) is divided by 12?
10
Suppose -h - 3*r = -0*h + 9, -4*h = -4*r - 12. Suppose 5*v - 115 = a - 0*a, v + 4*a - 2 = h. What is the remainder when v is divided by 6?
4
Let b be (10/3)/((-2)/6). Let g = 15 + b. What is the remainder when 12 is divided by g?
2
Let b(p) = 3*p + 3. Let k be b(3). Let o = k - 1. What is the remainder when 1/(2/1)*86 is divided by o?
10
Let s = 8 - 3. Suppose 5*j + s*v - 210 = 0, 5*j - 6*v - 202 = -3*v. Suppose -5*y = 0, 0 = 5*g + 5*y - 106 + j. What is the remainder when 37 is divided by g?
11
Let g = 9 + -4. Let t = 5 + 3. Calculate the remainder when t is divided by g.
3
Let f(c) = -c**2 + 10*c - 10. Let d be f(8). Suppose 4*t = -2*h + 14 + d, 2*t = -2*h + 14. Calculate the remainder when t is divided by 2.
1
Suppose 2*i = -5*f + 1, 2*i = -0*f - 4*f. Suppose -3*k = -13 - 14. Calculate the remainder when k is divided by 5 + (i - 